{"id":325,"date":"2024-01-05T12:13:56","date_gmt":"2024-01-05T11:13:56","guid":{"rendered":"https:\/\/cgos.saint-chamond.fr\/?page_id=325"},"modified":"2024-01-05T12:13:56","modified_gmt":"2024-01-05T11:13:56","slug":"cinemas","status":"publish","type":"page","link":"https:\/\/cgos.saint-chamond.fr\/?page_id=325","title":{"rendered":"Cin\u00e9mas"},"content":{"rendered":"\n<h2 class=\"wp-block-heading has-vivid-red-color has-text-color has-link-color wp-elements-bb47c50a2ac0c21704ee31e92127abec\"><strong>Cin\u00e9ma VEO Grand Lumi\u00e8re de St-Chamond<\/strong><\/h2>\n\n\n\n<p>Profitez d&#8217;un \u00e9quipement moderne pour vos sorties cin\u00e9ma \u00e0 tarif r\u00e9duit : <strong>le VEO GRAND LUMIERE <\/strong>situ\u00e9 \u00e0 Hall in One sur le site de Novaci\u00e9ries !<\/p>\n\n\n\n<p>Les tarifs* 2023 :<\/p>\n\n\n\n<figure class=\"wp-block-table\"><table><tbody><tr><td><\/td><td>PRIX CGOS<\/td><td>PRIX CE<\/td><td>PRIX GRAND PUBLIC<\/td><\/tr><tr><td>BILLET ADULTE<\/td><td>5.50 \u20ac<\/td><td>7.10 \u20ac<\/td><td>9.90 \u20ac<\/td><\/tr><tr><td>BILLET ENFANT<\/td><td>3.50 \u20ac<\/td><td>5 \u20ac<\/td><td>5 \u20ac<\/td><\/tr><\/tbody><\/table><\/figure>\n\n\n\n<p><br>*tarifs actifs et retrait\u00e9s dans <strong>la limite de 4 tickets enfants et 4 tickets adultes par mois.<\/strong><\/p>\n\n\n\n<p>Billets \u00e0 acheter directement aupr\u00e8s de Ghislaine GARDETTE aux horaires habituels d&#8217;ouverture (contact).<\/p>\n\n\n\n<h2 class=\"wp-block-heading has-vivid-red-color has-text-color has-link-color wp-elements-a3bac22b2dbbab8506ab3e74c65f1e55\"><strong>Autres cin\u00e9mas : R\u00e9seau GRAC<\/strong><\/h2>\n\n\n\n<p>Le CGOS vous propose une nouvelle billetterie gr\u00e2ce au r\u00e9seau <strong>GRAC<\/strong> qui vous permet d&#8217;aller au cin\u00e9ma dans les salles suivantes :<\/p>\n\n\n\n<ul class=\"wp-block-list\">\n<li>Le Majestic \u00e0 Firminy<\/li>\n\n\n\n<li>Le Sou \u00e0 la Talaudi\u00e8re<\/li>\n\n\n\n<li>Cin\u00e9 Chaplin \u00e0 Rive de Gier<\/li>\n\n\n\n<li>Le Family \u00e0 St-Just-St-Rambert<\/li>\n\n\n\n<li>Th\u00e9\u00e2tre cin\u00e9ma Jean Carmet \u00e0 Mornant<\/li>\n<\/ul>\n\n\n\n<p>Ils vous sont vendus \u00e0 5.50 \u20ac l&#8217;unit\u00e9 vous avez le droit \u00e0 4 tickets par agents et par mois&nbsp;<\/p>\n\n\n\n<h2 class=\"wp-block-heading\">Autres billetteries<\/h2>\n\n\n\n<p>Pour profiter d&#8217;une toile dans d&#8217;autres cin\u00e9mas de la r\u00e9gion, nous vous invitons \u00e0 utiliser la plateforme <strong>E&#8217;Mile<\/strong>s pour commander des billets \u00e0 tarifs r\u00e9duits.<\/p>\n","protected":false},"excerpt":{"rendered":"<p>Cin\u00e9ma VEO Grand Lumi\u00e8re de St-Chamond Profitez d&#8217;un \u00e9quipement moderne pour vos sorties cin\u00e9ma \u00e0 tarif r\u00e9duit : le VEO<\/p>\n","protected":false},"author":1,"featured_media":0,"parent":0,"menu_order":0,"comment_status":"closed","ping_status":"closed","template":"","meta":{"footnotes":""},"class_list":["post-325","page","type-page","status-publish","hentry"],"_links":{"self":[{"href":"https:\/\/cgos.saint-chamond.fr\/index.php?rest_route=\/wp\/v2\/pages\/325","targetHints":{"allow":["GET"]}}],"collection":[{"href":"https:\/\/cgos.saint-chamond.fr\/index.php?rest_route=\/wp\/v2\/pages"}],"about":[{"href":"https:\/\/cgos.saint-chamond.fr\/index.php?rest_route=\/wp\/v2\/types\/page"}],"author":[{"embeddable":true,"href":"https:\/\/cgos.saint-chamond.fr\/index.php?rest_route=\/wp\/v2\/users\/1"}],"replies":[{"embeddable":true,"href":"https:\/\/cgos.saint-chamond.fr\/index.php?rest_route=%2Fwp%2Fv2%2Fcomments&post=325"}],"version-history":[{"count":1,"href":"https:\/\/cgos.saint-chamond.fr\/index.php?rest_route=\/wp\/v2\/pages\/325\/revisions"}],"predecessor-version":[{"id":326,"href":"https:\/\/cgos.saint-chamond.fr\/index.php?rest_route=\/wp\/v2\/pages\/325\/revisions\/326"}],"wp:attachment":[{"href":"https:\/\/cgos.saint-chamond.fr\/index.php?rest_route=%2Fwp%2Fv2%2Fmedia&parent=325"}],"curies":[{"name":"wp","href":"https:\/\/api.w.org\/{rel}","templated":true}]}}