{"id":387,"date":"2024-01-05T13:42:30","date_gmt":"2024-01-05T12:42:30","guid":{"rendered":"https:\/\/cgos.saint-chamond.fr\/?page_id=387"},"modified":"2025-08-27T10:05:52","modified_gmt":"2025-08-27T08:05:52","slug":"offres-bien-etre","status":"publish","type":"page","link":"https:\/\/cgos.saint-chamond.fr\/?page_id=387","title":{"rendered":"Offres bien-\u00eatre"},"content":{"rendered":"\n<h2 class=\"wp-block-heading has-vivid-red-color has-text-color has-link-color wp-elements-816e12a028c1809a516a27ae8fd621b7\"><strong>Les Il\u00e9ades de Montrond les Bains<\/strong><\/h2>\n\n\n\n<p><strong><mark style=\"background-color:rgba(0, 0, 0, 0)\" class=\"has-inline-color has-black-color\">Et profitez toute l&#8217;ann\u00e9e du nouveau partenariat avec les Il\u00e9ades:<\/mark><\/strong><\/p>\n\n\n\n<p>Pas besoin de billetterie ! Il suffit de pr\u00e9senter votre carte d&#8217;adh\u00e9sion CGOS Mairie de Saint-Chamond \u00e0 jour et vous b\u00e9n\u00e9ficierez :<\/p>\n\n\n\n<ul class=\"wp-block-list\">\n<li>15 % pour les entr\u00e9es aux il\u00e9ades 2h30 Adultes et Juniors incluant les bassins int\u00e9rieur et ext\u00e9rieur + l&#8217;espace d\u00e9tente&nbsp;<\/li>\n\n\n\n<li>15 % les forfaits en famille &#8220;petite famille&#8221; et &#8220;grande famille&#8221;<\/li>\n\n\n\n<li>15 % les abonnements &#8220;pass libert\u00e9&#8221; 10h, 20h, 30h au choix<\/li>\n\n\n\n<li>15 % les entr\u00e9es aux il\u00e9ades \u00e0 la journ\u00e9e *<\/li>\n\n\n\n<li>15 % les entr\u00e9es aux il\u00e9ades 1 heure, en semaine *<\/li>\n\n\n\n<li>10 % sur les packs soins, r\u00e9f\u00e9renc\u00e9s sous l&#8217;appellation &#8220;escapades SPA&#8221;&nbsp; *(sauf le SPA libert\u00e9).(inclus les 2h30 d&#8217;acc\u00e8s aux bassins et espace bien-\u00eatre)<\/li>\n<\/ul>\n\n\n\n<p>* adultes uniquement&nbsp;<\/p>\n\n\n<div class=\"wp-block-image\">\n<figure class=\"aligncenter size-large is-resized\"><img loading=\"lazy\" decoding=\"async\" width=\"1024\" height=\"682\" src=\"https:\/\/cgos.saint-chamond.fr\/wp-content\/uploads\/2024\/01\/image-4-1024x682.png\" alt=\"\" class=\"wp-image-388\" style=\"width:279px;height:auto\" srcset=\"https:\/\/cgos.saint-chamond.fr\/wp-content\/uploads\/2024\/01\/image-4-1024x682.png 1024w, https:\/\/cgos.saint-chamond.fr\/wp-content\/uploads\/2024\/01\/image-4-300x200.png 300w, https:\/\/cgos.saint-chamond.fr\/wp-content\/uploads\/2024\/01\/image-4-768x512.png 768w, https:\/\/cgos.saint-chamond.fr\/wp-content\/uploads\/2024\/01\/image-4-1536x1024.png 1536w, https:\/\/cgos.saint-chamond.fr\/wp-content\/uploads\/2024\/01\/image-4.png 2000w\" sizes=\"auto, (max-width: 1024px) 100vw, 1024px\" \/><\/figure>\n<\/div>\n\n\n<h2 class=\"wp-block-heading has-vivid-red-color has-text-color has-link-color wp-elements-cc7cc4d5230b68102459b2808e784a9b\"><strong>Calic\u00e9o \u00e0 Ste Foy les Lyon<\/strong><\/h2>\n\n\n\n<p>La douceur des bains, les avantages d&#8217;une eau \u00e0 34 degr\u00e9s : votre corps se lib\u00e8re&nbsp;au fil du temps. Sur votre peau, les milliers de bulles offrent un sentiment de bien-\u00eatre sans nul autre pareil.<\/p>\n\n\n\n<p><a href=\"https:\/\/lyon.caliceo.com\/\">Calic\u00e9o<\/a> vous permettra de vous rel\u00e2cher deux heures durant pour savourer l&#8217;ensemble de notre univers bains. Vous pourrez acc\u00e9der \u00e0&nbsp;tous les \u00e9quipements de notre centre : piscines chauff\u00e9es pens\u00e9es pour votre repos, \u00e9quip\u00e9es de jacuzzis, jets \u00e0 forte pression, cascades et bains bouillonnants.<\/p>\n\n\n\n<p>Evadez-vous dans nos bains chauds, nos hammams et saunas.<\/p>\n\n\n\n<p>Billets \u00e0 acheter au CGOS durant les permanences : <strong>pass de 2h + 1h gratuite \u00e0 16.50 \u20ac (tarif public 21 \u20ac)<\/strong><\/p>\n\n\n\n<p>+ <strong>offre massages<\/strong> \u00e0 tarifs CE : <a href=\"http:\/\/cgos.saint-chamond.fr\/wp-content\/uploads\/2024\/01\/CGOS-CALICEO_BC-massages_2022.pdf\" target=\"_blank\" rel=\"noreferrer noopener\">Bon de commande<\/a> (195.62 Ko)<\/p>\n\n\n\n<p>N&#8217;h\u00e9sitez plus : faites, ou faites-vous, plaisir sans tarder !<\/p>\n\n\n<div class=\"wp-block-image\">\n<figure class=\"aligncenter\"><img decoding=\"async\" src=\"http:\/\/cgos-saint-chamond.e-monsite.com\/medias\/images\/caliceo.jpg\" alt=\"Caliceo\"\/><\/figure>\n<\/div>\n\n\n<h2 class=\"wp-block-heading has-vivid-red-color has-text-color has-link-color wp-elements-026b73691d78b6b138083279993409be\"><strong>La source du bien-\u00eatre \u00e0 P\u00e9lussin<\/strong><\/h2>\n\n\n\n<p>Profitez d&#8217;un moment unique de d\u00e9tente : spa, hammam, relaxation, soins, massages, etc&#8230;<\/p>\n\n\n\n<p>Remise de -7% sur tous les soins sur pr\u00e9sentation de la carte membre du CGOS (\u00e0 pr\u00e9ciser lors de la r\u00e9servation).<\/p>\n\n\n\n<p>Plus d&#8217;infos <a href=\"https:\/\/lasourcedebienetre.com\/\">ici<\/a><\/p>\n\n\n<div class=\"wp-block-image\">\n<figure class=\"aligncenter size-full is-resized\"><img loading=\"lazy\" decoding=\"async\" width=\"640\" height=\"230\" src=\"https:\/\/cgos.saint-chamond.fr\/wp-content\/uploads\/2024\/01\/image-5.png\" alt=\"\" class=\"wp-image-390\" style=\"width:442px;height:auto\" srcset=\"https:\/\/cgos.saint-chamond.fr\/wp-content\/uploads\/2024\/01\/image-5.png 640w, https:\/\/cgos.saint-chamond.fr\/wp-content\/uploads\/2024\/01\/image-5-300x108.png 300w\" sizes=\"auto, (max-width: 640px) 100vw, 640px\" \/><\/figure>\n<\/div>","protected":false},"excerpt":{"rendered":"<p>Les Il\u00e9ades de Montrond les Bains Et profitez toute l&#8217;ann\u00e9e du nouveau partenariat avec les Il\u00e9ades: Pas besoin de billetterie<\/p>\n","protected":false},"author":1,"featured_media":394,"parent":0,"menu_order":0,"comment_status":"closed","ping_status":"closed","template":"","meta":{"footnotes":""},"class_list":["post-387","page","type-page","status-publish","has-post-thumbnail","hentry"],"_links":{"self":[{"href":"https:\/\/cgos.saint-chamond.fr\/index.php?rest_route=\/wp\/v2\/pages\/387","targetHints":{"allow":["GET"]}}],"collection":[{"href":"https:\/\/cgos.saint-chamond.fr\/index.php?rest_route=\/wp\/v2\/pages"}],"about":[{"href":"https:\/\/cgos.saint-chamond.fr\/index.php?rest_route=\/wp\/v2\/types\/page"}],"author":[{"embeddable":true,"href":"https:\/\/cgos.saint-chamond.fr\/index.php?rest_route=\/wp\/v2\/users\/1"}],"replies":[{"embeddable":true,"href":"https:\/\/cgos.saint-chamond.fr\/index.php?rest_route=%2Fwp%2Fv2%2Fcomments&post=387"}],"version-history":[{"count":7,"href":"https:\/\/cgos.saint-chamond.fr\/index.php?rest_route=\/wp\/v2\/pages\/387\/revisions"}],"predecessor-version":[{"id":757,"href":"https:\/\/cgos.saint-chamond.fr\/index.php?rest_route=\/wp\/v2\/pages\/387\/revisions\/757"}],"wp:featuredmedia":[{"embeddable":true,"href":"https:\/\/cgos.saint-chamond.fr\/index.php?rest_route=\/wp\/v2\/media\/394"}],"wp:attachment":[{"href":"https:\/\/cgos.saint-chamond.fr\/index.php?rest_route=%2Fwp%2Fv2%2Fmedia&parent=387"}],"curies":[{"name":"wp","href":"https:\/\/api.w.org\/{rel}","templated":true}]}}